 composite?
False
Let s = 204 + -212. Let r(m) = -17*m**3 + 9*m**2 + 2*m - 17. Is r(s) composite?
True
Let n(z) = -55*z**2 - 4*z - 52*z**2 + 5 + 58*z**2 - z. Let p be n(2). Let q = p - -608. Is q prime?
False
Let j = 33 + -27. Let z be (20/j)/(18/(-27)). Is 7 + 73 - (-2 - z) a prime number?
False
Let w be (-17 + -7)/(2/(-3)). Let x be -12*-1*4*3/w. Is (2/x)/((-2)/(-444)) + -2 a composite number?
False
Suppose -255 + 251 = -z. Suppose z*d = 15*d - 81763. Is d a prime number?
True
Suppose -3*y - 2*m = -95631, y = -8*m + 8582 + 23295. Is y a prime number?
False
Let v(w) = w**3 - 6*w**2 + 54*w + 7. Let k(l) = l**2 + 2. Let d(t) = 6*k(t) + v(t). Is d(18) composite?
False
Let u = 1124218 - 700079. Is u composite?
False
Let l(d) = 28*d**2 - 130*d + 135. Is l(-43) prime?
False
Let j(d) = 224*d**2 - 5*d + 4. Suppose 110*b - 103*b - 7 = 0. Is j(b) a prime number?
True
Suppose -2*b = 138 - 126. Is 5689 - b*(-2)/2 a composite number?
False
Let d be 4 + (180 - (4 + -6)). Suppose d = 2*q - 880. Suppose 3*v - q = 70. Is v a prime number?
False
Let p be (708/9)/(3/(-9)). Let t = p + 63. Is 1/(1/4) - t prime?
False
Let f(v) = -v**2 + 3*v + 10. Suppose 0 = -0*l - l - i + 6, -13 = -2*l - 3*i. Let w be f(l). Suppose w = s + 6*u - 5*u - 1151, u = s - 1143. Is s composite?
True
Let f(g) = 23*g**2 - 2*g - 8. Suppose 2*t - 5*q = 13 + 47, 0 = 2*t + 5*q - 20. Suppose 9*r - t = 5*r. Is f(r) a prime number?
True
Suppose -66 = -a + 59. Suppose -5*z = 5*o - a, -3*z + 131 = 2*z - o. Is z*1*(-4 - 244/(-8)) composite?
True
Let o(g) = -3*g + 17. Let n be o(5). Suppose -n*l + 8*l = 6. Is ((-6908)/8)/(l/(-2)) composite?
True
Let j = -38414 - -75667. Is j a prime number?
True
Suppose -28220 - 658 = -3*l. Suppose -8*i + 42082 = l. Is i prime?
True
Suppose 2346*j = 2289*j + 2969643. Is j prime?
False
Suppose 2*u + 4*a - 554581 - 760353 = 0, -8*u - a = -5259841. Is u composite?
True
Let k = 535 - 343. Suppose 0 = -7*t + 272 - 1413. Let g = k - t. Is g a prime number?
False
Suppose 18108 = 10*i - 4*i. Suppose 0 = 5*t - i - 1247. Is t a prime number?
True
Let u(k) = -203538*k - 635. Is u(-1) a composite number?
True
Suppose 68473 = x - 4*v, v - 315203 + 109823 = -3*x. Is x a prime number?
False
Suppose -2351*q = -2349*q + f - 782604, -4*q = 3*f - 1565210. Is q a prime number?
True
Let x(w) = -w**3 - 3. Let q be x(0). Let f be (q + 1)*(-1784)/(-16). Let m = 530 + f. Is m a prime number?
True
Suppose 5*m - 20 = 0, -m = y + 4*y + 4536. Let s = y + 2089. Is s prime?
True
Let g = 1036 - 519. Suppose -25*p + 24*p + g = 0. Is p a prime number?
False
Let u = 88232 + -35779. Is u composite?
False
Suppose 0 = -8*k - 3 + 19. Suppose 0 = -2*l + 6, -k*w + 2*l + 2*l = 22. Is -1 + 1970/3*(-6)/w a composite number?
False
Is (5/10)/((-5)/(-187690)) a composite number?
True
Suppose 31*v - 26*v - 5*t = 232935, 5*v - 3*t = 232939. Is v a prime number?
True
Let j(o) = -2*o - 9. Let y be (-1)/((-100)/(-24) + -4). Let f be j(y). Is (63/(-21))/(f/(-479)) a prime number?
True
Suppose -186855 = -20*f + 192325. Is f a prime number?
True
Let x(u) = -4*u**2 - 4*u + 7*u**3 - 9*u**3 + u**3. Let p be x(-3). Suppose 2*t + 2 = 0, 4*t - 8815 = -p*v + 2*t. Is v composite?
False
Is (-5485300)/(-200) - (-3)/6 a composite number?
False
Suppose 0*m = 3*m - 414. Let t = 341 + m. Is t composite?
False
Suppose -5*w = g - 42, 6*w - 2*w - g - 39 = 0. Suppose 0 = 2*h, -w*k - 166316 = -13*k + 2*h. Is k composite?
False
Suppose 110*a - 69066 = 116*a. Let o = -7022 - a. Is o a prime number?
False
Let a(i) = -593*i - 872. Is a(-111) a prime number?
True
Suppose -9341145 - 8042170 = -52*b - 4689231. Is b a composite number?
True
Let n be 0/(1 + 1/1). Let a = 1207 + -810. Is -4 + a - (n - -2) prime?
False
Let w = 28 - 46. Let y = w + 22. Suppose 4*v - 2717 = -5*h, 5*v = -y*h + 3046 - 867. Is h prime?
True
Let o be 3/15 + 31/(-5). Let q(n) = -110*n + 8. Let x be q(o). Let m = x - 417. Is m a prime number?
True
Let m(d) = -1247*d + 62. Let r(t) = -24941*t + 1239. Let c(l) = -119*m(l) + 6*r(l). Let v be c(-7). Suppose -13*k = -6*k - v. Is k prime?
False
Suppose 0 = 4*l - 73 - 95. Is 5057 + 7/l*0 a composite number?
True
Suppose 4*w - 17996 = -2*l + 5*w, 0 = -4*l + 5*w + 35986. Is l a composite number?
False
Let t(n) = 31884*n + 3895. Is t(24) a composite number?
True
Let u be 7/(63/(-24))*-5604. Suppose 5*d - 18686 = -3*y, -25*d - 4*y + u = -21*d. Is d prime?
True
Suppose -2424*n = -2436*n + 37224348. Is n composite?
True
Let v be ((-1)/2)/((-47)/564). Suppose 11*y - v*y = 8115. Is y composite?
True
Let c(w) = w**2 - 19*w + 64. Let s be c(15). Is (-4)/16 + ((-146367)/s)/(-3) a composite number?
False
Let v(u) = 28*u - 96. Let i be v(18). Let k = -231 + i. Is k composite?
True
Suppose -81*i + 2156350 = -56*i. Let o = -53219 + i. Is o a composite number?
True
Is 444/333 - ((-1)/(-2))/(6/(-810212)) a composite number?
True
Suppose 0 = -3*q + 5*c + 208865 + 318231, -4*q - 2*c + 702838 = 0. Suppose -13*y + 22*y - q = 0. Is y prime?
False
Is (-1 + (6 + -7)*1)*(-650444)/8 a prime number?
True
Let n(h) = -823*h - 57. Let s(x) = -x. Let f(a) = n(a) - 5*s(a). Is f(-13) a composite number?
True
Let q(s) = -5*s**2 + 3*s. Let g(h) = -11*h**2 + 6*h. Let v(l) = -4*g(l) + 9*q(l). Let u be v(3). Let z(i) = i**2 - 2*i + 209. Is z(u) composite?
True
Suppose -41139755 - 3901582 = -152*o + 39955999. Is o a prime number?
False
Is (48/21 + (-36)/126)*157558/4 a prime number?
True
Let x be 8/(-6)*99/(-44). Suppose 3*h - 4073 = o - x*o, 3*h - o - 4088 = 0. Is h a prime number?
True
Let z(x) be the first derivative of x**4/4 - 6*x**3 + 8*x**2 + 7*x - 32. Let p be z(7). Is (8/4)/(-2) - p composite?
False
Is (-3 + (-5)/(15/(-12)))/((-16)/(-404080)) a prime number?
False
Suppose -7*s + 15*s - 654980 = -12*s. Is s composite?
False
Let q(u) = 2166*u**3 - 9*u + 27. Is q(2) a prime number?
False
Let b = 52687 + -24830. Is b prime?
False
Let v(z) = 89*z**3 - 3*z**2 + 11*z + 27. Let r(g) = -134*g**3 + 5*g**2 - 16*g - 40. Let n(t) = 5*r(t) + 7*v(t). Is n(-4) a composite number?
True
Suppose 92*z - 696*z + 250867172 = 0. Is z a prime number?
True
Let h(m) = 11*m + 147. Suppose -4*x + 160 = 5*o, 2*o - x - 32 - 32 = 0. Is h(o) composite?
False
Suppose -16 = 16*k - 0. Let p(j) = -647*j**3 - j**2 - 3*j + 4. Let v(w) = 647*w**3 + w**2 + 3*w - 3. Let n(l) = -5*p(l) - 6*v(l). Is n(k) a composite number?
False
Suppose 351 - 78 = -7*l. Let c = l - -39. Is (-1 - -2)*(c + 1543) a composite number?
False
Let y(b) be the second derivative of 92*b**3/3 - 25*b**2/2 - b. Let j = 1353 - 1344. Is y(j) composite?
True
Let k(l) = -21*l. Let q be k(-1). Suppose 0 = -q*z + 19*z + 3046. Is z a composite number?
False
Let x be (-336)/72*(-4359)/2. Let l = x + 8016. Is l a composite number?
True
Let m(w) be the third derivative of -8*w**5/15 - w**4/2 - 29*w**3/6 - 17*w**2. Let b(x) = 63*x**2 + 25*x + 58. Let q(g) = -2*b(g) - 5*m(g). Is q(-6) composite?
False
Let f be (-1)/(-5) + 126/(-30). Let w be (-12)/((-16)/f)*(-38)/(-3). Let o = -19 - w. Is o composite?
False
Suppose -6*k - 618584 = -2071136. Suppose 22*d + 53750 = k. Is d a composite number?
True
Suppose 29*q - 3 = 28*q. Suppose b + 28 = 4*f - b, q*f - 14 = -2*b. Is 1/(2/47)*(16 - f) a composite number?
True
Suppose 3*s + 21917 - 59985 = -5*y, 2*y + 4*s = 15230. Is y a prime number?
False
Let r = -794 - -543. Let i(f) = 132*f. Let z be i(3). Let n = r + z. Is n a prime number?
False
Let u = -299 + -44. Let s = 7412 + u. Is s a composite number?
False
Let o(f) = 60*f**3 - 20*f**2 - 28*f + 223. Is o(15) a prime number?
True
Let z = 144688 + 101683. Is z prime?
True
Suppose 0 = -89*l + 691665 - 185367 + 1573365. Is l prime?
False
Suppose -x + 560 = -87. Let i be (2/(-5) - -4)/((-15)/1150). Let r = x - i. Is r prime?
False
Let v(s) = 19*s**2 - 6*s - 24. Let y = -177 - -190. Is v(y) composite?
False
Let x(u) be the first derivative of 3*u**4/2 - 8*u**3/3 + u**2/2 + 2*u + 135. Is x(5) a composite number?
False
Suppose 4*y - 1600 = -4*t, -y + 3*y - 2*t = 792. Suppose 2*q - y = -4*d + 4, 4*q - 784 = -4*d. Is q prime?
True
Suppose 0 = -4*f - 2*t - 1248, t + 261 = -4*f - 989. Suppose -3*o + 0*o - 143 = m, -5*m - o - 645 = 0. Let z = m - f. Is z composite?
True
Suppose 0*j - 3*j - 4*s = -101, 3*j = -2*s + 109. Let w be 38428/j - (-2)/3. Suppose -r =